actor of 358367?
False
Is 504352 a multiple of 270?
False
Is 2 a factor of 1021298?
True
Is 5040208 a multiple of 2?
True
Is 3 a factor of 404502?
True
Is 940 a factor of 17210460?
True
Is 2 a factor of 47005?
False
Is 728 a factor of 2245152?
True
Is 1457181 a multiple of 369?
True
Does 294 divide 645655?
False
Is 23 a factor of 258865?
True
Does 258 divide 330756?
True
Is 24 a factor of 5059194?
False
Is 3043181 a multiple of 115?
False
Does 32 divide 23964960?
True
Does 275 divide 456164?
False
Does 1119 divide 2292891?
False
Is 22 a factor of 27962?
True
Is 13 a factor of 43511?
True
Does 251 divide 135693?
False
Does 392 divide 1447656?
True
Is 193516 a multiple of 101?
True
Does 8 divide 272048?
True
Is 4011854 a multiple of 11?
True
Is 4028062 a multiple of 56?
False
Does 968 divide 1695936?
True
Does 176 divide 6728814?
False
Is 3961129 a multiple of 25?
False
Is 8 a factor of 947304?
True
Is 13 a factor of 659230?
True
Is 10 a factor of 362510?
True
Does 164 divide 66912?
True
Is 60321 a multiple of 11?
False
Is 430699 a multiple of 21?
False
Is 249 a factor of 136113?
False
Is 3 a factor of 1088472?
True
Is 125280 a multiple of 12?
True
Is 290360 a multiple of 70?
True
Is 404250 a multiple of 3?
True
Is 762454 a multiple of 61?
False
Is 438368 a multiple of 608?
True
Is 1421765 a multiple of 247?
False
Does 4 divide 21304?
True
Is 184 a factor of 12657198?
False
Does 50 divide 41050?
True
Is 3 a factor of 1594459?
False
Does 3 divide 36481?
False
Is 595 a factor of 7172492?
False
Is 218 a factor of 1947711?
False
Is 8 a factor of 245524?
False
Is 132 a factor of 6060648?
True
Is 105711 a multiple of 3?
True
Is 651247 a multiple of 446?
False
Is 944 a multiple of 4?
True
Is 251433 a multiple of 6?
False
Is 9080 a multiple of 3?
False
Is 13 a factor of 8289463?
True
Is 29677 a multiple of 11?
False
Is 2131054 a multiple of 20?
False
Does 209 divide 2108007?
False
Does 7 divide 3328381?
True
Is 12 a factor of 33938?
False
Does 12 divide 3292508?
False
Is 371582 a multiple of 94?
True
Is 1307 a factor of 2907630?
False
Is 872 a factor of 1119273?
False
Is 235 a factor of 6056458?
False
Is 65 a factor of 185941?
False
Is 747120 a multiple of 88?
True
Is 49127 a multiple of 69?
False
Is 341 a factor of 528209?
True
Does 15 divide 3206173?
False
Does 371 divide 3343452?
True
Does 30 divide 608580?
True
Is 65 a factor of 422515?
False
Is 10 a factor of 56954?
False
Is 15 a factor of 32970?
True
Does 73 divide 364072?
False
Is 72 a factor of 1264032?
True
Is 19 a factor of 2983?
True
Does 465 divide 8458193?
False
Does 16 divide 1755664?
True
Does 248 divide 6957540?
False
Is 56 a factor of 906584?
True
Does 15 divide 543638?
False
Does 5 divide 8125?
True
Does 12 divide 3389492?
False
Does 32 divide 97280?
True
Is 446 a factor of 373977?
False
Is 47 a factor of 12729393?
False
Is 14 a factor of 664487?
False
Is 36 a factor of 15374014?
False
Is 2 a factor of 242864?
True
Is 90 a factor of 88620?
False
Does 16 divide 76464?
True
Is 416827 a multiple of 32?
False
Does 26 divide 2586636?
True
Is 133858 a multiple of 50?
False
Is 1329459 a multiple of 16?
False
Does 163 divide 5104295?
False
Is 290 a factor of 139200?
True
Is 70 a factor of 28649?
False
Is 18003326 a multiple of 30?
False
Is 129 a factor of 42361?
False
Is 11391097 a multiple of 5?
False
Is 3154307 a multiple of 13?
True
Does 73 divide 9188620?
False
Is 78669 a multiple of 4?
False
Is 8317591 a multiple of 68?
False
Is 249 a factor of 950959?
False
Is 26 a factor of 15184?
True
Is 240480 a multiple of 27?
False
Is 1090584 a multiple of 324?
True
Does 288 divide 11270163?
False
Does 2 divide 371645?
False
Is 309 a factor of 236385?
True
Is 23 a factor of 35206?
False
Is 367 a factor of 270626?
False
Is 70422 a multiple of 11?
True
Is 3676 a multiple of 199?
False
Is 20985 a multiple of 5?
True
Is 147420 a multiple of 87?
False
Is 4340360 a multiple of 8?
True
Is 515 a factor of 7198670?
True
Is 66 a factor of 600254?
False
Is 40 a factor of 599016?
False
Is 297970 a multiple of 37?
False
Is 1625484 a multiple of 4?
True
Is 181817 a multiple of 118?
False
Does 4 divide 86088?
True
Is 108153 a multiple of 29?
False
Does 77 divide 165840?
False
Does 7 divide 12572?
True
Does 97 divide 89046?
True
Is 82 a factor of 160797?
False
Does 79 divide 30538?
False
Is 33 a factor of 108537?
True
Does 8 divide 110461?
False
Does 4 divide 3846456?
True
Does 438 divide 5645890?
False
Is 543394 a multiple of 122?
False
Is 31990 a multiple of 625?
False
Does 29 divide 550746?
False
Is 98 a factor of 5043766?
True
Does 5 divide 2109185?
True
Is 28 a factor of 658756?
True
Is 40 a factor of 94160?
True
Is 18 a factor of 1207884?
False
Does 85 divide 22355?
True
Is 4 a factor of 24112?
True
Is 92 a factor of 211616?
False
Does 31 divide 93868?
True
Does 41 divide 14677303?
True
Is 72 a factor of 545428?
False
Does 255 divide 99783?
False
Does 309 divide 114587?
False
Is 54 a factor of 177336?
True
Is 84036 a multiple of 23?
False
Does 7 divide 102403?
True
Is 2 a factor of 113897?
False
Is 59 a factor of 5318732?
True
Does 85 divide 196010?
True
Is 27 a factor of 18797?
False
Is 6 a factor of 27488?
False
Is 4164386 a multiple of 651?
False
Is 29 a factor of 207582?
True
Is 77232 a multiple of 16?
True
Does 185 divide 1734005?
True
Does 295 divide 395595?
True
Does 773 divide 3013154?
True
Is 52578 a multiple of 46?
True
Is 968085 a multiple of 213?
True
Is 8 a factor of 13328?
True
Is 8 a factor of 963131?
False
Is 58 a factor of 288170?
False
Is 993580 a multiple of 70?
True
Is 358862 a multiple of 14?
True
Is 162 a factor of 527634?
True
Is 5868663 a multiple of 149?
True
Is 567983 a multiple of 17?
False
Is 1609578 a multiple of 82?
True
Is 64 a factor of 320306?
False
Does 12 divide 218530?
False
Is 55 a factor of 3990242?
False
Does 2 divide 5086?
True
Is 643608 a multiple of 168?
True
Is 229162 a multiple of 2?
True
Does 3 divide 303362?
False
Is 57 a factor of 3315348?
True
Is 206024 a multiple of 91?
True
Is 246454 a multiple of 4?
False
Does 37 divide 55081?
False
Is 9 a factor of 6408?
True
Does 2 divide 61168?
True
Is 24 a factor of 1356096?
True
Is 1596582 a multiple of 18?
True
Does 36 divide 180975?
False
Is 8 a factor of 1220896?
True
Is 5 a factor of 179430?
True
Is 89739 a multiple of 59?
True
Is 26 a factor of 9989399?
False
Is 374441 a multiple of 3?
False
Is 801 a factor of 19837280?
False
Is 55781 a multiple of 10?
False
Does 122 divide 3269?
False
Is 144 a factor of 71856?
True
Is 396270 a multiple of 7?
True
Is 105699 a multiple of 5?
False
Is 56 a factor of 121464?
True
Is 49 a factor of 301938?
True
Is 2152534 a multiple of 397?
True
Is 32 a factor of 409216?
True
Does 15 divide 37355?
False
Is 10 a factor of 353136?
False
Is 613711 a multiple of 11?
False
Is 142433 a multiple of 119?
False
Does 110 divide 13310?
True
Is 7 a factor of 27622?
True
Is 3348 a multiple of 9?
True
Is 37 a factor of 3992556?
False
Is 477840 a multiple of 15?
True
Is 235886 a multiple of 302?
False
Does 364 divide 756028?
True
Is 11261 a multiple of 291?
False
Does 81 divide 2974167?
False
Does 5 divide 285810?
True
Does 153 divide 2451060?
True
Is 357328 a multiple of 46?
True
Is 9 a factor of 11893021?
False
Does 11 divide 140162?
True
Is 1175 a multiple of 2?
False
Is 625458 a multiple of 54?
False
Is 374 a factor of 32164?
True
Is 490 a factor of 1829170?
True
Is 328093 a multiple of 7?
False
Is 6 a factor of 1082895?
False
Is 317 a factor of 155013?
True
Is 3193311 a multiple of 627?
True
Is 1372788 a multiple of 74?
False
Is 263072 a multiple of 80?
False
Does 30 divide 153780?
True
Does 1275 divide 8375388?
False
Is 207438 a multiple of 42?
True
Is 9424 a multiple of 186?
False
Is 117439 a multiple of 814?
False
Does 238 divide 3319862?
True
Does 16 divide 88752?
True
Is 12492160 a multiple of 745?
True
Is 10 a factor of 239576?
False
Does 329 divide 6125651?
True
Is 3617391 a multiple of 9?
False
Does 19 divide 183084?
True
Is 27 a factor of 11496643?
False
Does 13 divide 22690616?
True
Is 34 a factor of 3212388?
True
Is 6 a factor of 51122?
False
Is 87 a factor of 836505?
True
Is 9455 a multiple of 9?
False
Does 1138 divide 1829015?
False
Is 565384 a multiple of 121?
False
Does 20 div